 5879323 composite?
True
Is 445538540111 prime?
False
Is 213278657 a prime number?
True
Is 57337442931 a composite number?
True
Is 3360749713 composite?
True
Is 1024579631 a prime number?
True
Is 662306291 prime?
True
Is 9723779983 a prime number?
True
Is 274156507 a prime number?
False
Is 611848609 a composite number?
False
Is 269072628457 a composite number?
False
Is 172730164561 composite?
False
Is 2088335803 prime?
False
Is 414199267 composite?
False
Is 216356440331 composite?
False
Is 326851649 composite?
False
Is 4684152247 prime?
True
Is 11991101933 composite?
False
Is 85981933451 a prime number?
True
Is 446370517 a prime number?
True
Is 702036499 prime?
True
Is 5132223535 composite?
True
Is 491585069 a prime number?
False
Is 2485652249 a composite number?
False
Is 22019251 a prime number?
True
Is 31743317779 a prime number?
False
Is 7095397009 prime?
False
Is 63600236099 prime?
True
Is 59812973105 a composite number?
True
Is 7389931 a prime number?
False
Is 28192441643 a prime number?
False
Is 2843319449 a prime number?
False
Is 6114753433 prime?
False
Is 2185599085 prime?
False
Is 304773401 a prime number?
True
Is 39144911 a prime number?
False
Is 1134143261 prime?
True
Is 67322699771 a composite number?
False
Is 1287026471 a prime number?
True
Is 3587582389 a prime number?
False
Is 1956075931 composite?
False
Is 69280209859 a composite number?
True
Is 2870208727 a composite number?
True
Is 14902753 composite?
False
Is 1838483939 prime?
True
Is 6196985461 composite?
False
Is 98182252921 a composite number?
False
Is 36044053573 a prime number?
False
Is 18301557751 a prime number?
True
Is 10549648013 a prime number?
True
Is 1436629537 prime?
False
Is 259115537 a composite number?
True
Is 5328610333 composite?
False
Is 885402989 a composite number?
False
Is 4801820383 prime?
False
Is 175818547 a prime number?
True
Is 571721693 a composite number?
False
Is 28215312487 composite?
True
Is 26234668463 composite?
False
Is 1238403977 a composite number?
False
Is 17186212801 composite?
False
Is 21982506349 a composite number?
False
Is 14200052807 prime?
False
Is 5632105123 a prime number?
True
Is 11573423 prime?
True
Is 2566858873 a prime number?
True
Is 330433993 composite?
False
Is 4975782541 a prime number?
False
Is 86260563943 a composite number?
False
Is 2935595461 a composite number?
False
Is 17257086377 a prime number?
True
Is 5501062967 prime?
True
Is 11064179249 a prime number?
False
Is 209513981 a prime number?
True
Is 5529611797 a prime number?
True
Is 701459573 a prime number?
False
Is 14099291033 prime?
True
Is 5063411077 a composite number?
True
Is 3634326103 a prime number?
True
Is 29343533 prime?
False
Is 8087524517 a prime number?
True
Is 3497350627 a composite number?
False
Is 33770732921 composite?
True
Is 17397283153 a prime number?
True
Is 8262524629 a prime number?
False
Is 17084607599 composite?
True
Is 6591470701 a composite number?
False
Is 793155827 prime?
True
Is 421878503 prime?
False
Is 2887103917 a composite number?
False
Is 1405782067 composite?
False
Is 1952711623 composite?
False
Is 350864099 composite?
False
Is 106895069 a composite number?
False
Is 860703343 a prime number?
True
Is 1249851761 prime?
False
Is 75414569 a composite number?
True
Is 16027641109 prime?
True
Is 34428593 a prime number?
True
Is 6552449329 a prime number?
False
Is 48408318203 prime?
False
Is 32746634 a prime number?
False
Is 337404331 composite?
True
Is 665698493 a prime number?
False
Is 350754199 composite?
False
Is 2755788319 prime?
False
Is 51701645521 prime?
True
Is 5951482687 composite?
False
Is 8533213379 composite?
True
Is 1340115349 a composite number?
False
Is 1230360089 a composite number?
True
Is 4523464807 a composite number?
False
Is 19075170813 composite?
True
Is 12594305153 a composite number?
True
Is 600786581 a composite number?
True
Is 22000010201 a composite number?
True
Is 180197292259 a composite number?
True
Is 8918969789 a prime number?
False
Is 74607890173 a prime number?
False
Is 818570846 composite?
True
Is 1344471773 a composite number?
False
Is 42502714179 a prime number?
False
Is 865242809 a composite number?
False
Is 6630751123 a prime number?
False
Is 2762461003 composite?
True
Is 46447991 composite?
True
Is 10759622729 prime?
True
Is 2097989813 composite?
False
Is 4336629779 composite?
True
Is 513445853 a prime number?
True
Is 3546539 composite?
False
Is 7109674001 composite?
True
Is 129960139 prime?
True
Is 721998061 a prime number?
False
Is 12457022503 prime?
False
Is 483931379 composite?
False
Is 10884400561 a prime number?
False
Is 568577357 prime?
False
Is 232177007 a composite number?
True
Is 21085109321 composite?
False
Is 12927553907 composite?
True
Is 30430624271 composite?
True
Is 2227314911 a composite number?
False
Is 27304101089 a prime number?
True
Is 18924170453 prime?
False
Is 52246310965 prime?
False
Is 27254490451 composite?
True
Is 1962490861 a composite number?
False
Is 753439123 a composite number?
False
Is 9876216139 a prime number?
False
Is 1371414929 a prime number?
True
Is 39887114027 a composite number?
True
Is 659383561 composite?
False
Is 821934569 composite?
False
Is 1321447807 a prime number?
True
Is 1024259099 composite?
False
Is 2076758111 a composite number?
False
Is 5603308045 a composite number?
True
Is 6469039861 composite?
False
Is 290817649 prime?
True
Is 2202284999 composite?
True
Is 35184322207 prime?
False
Is 2805743873 a composite number?
False
Is 83914995301 prime?
True
Is 403078237 prime?
True
Is 12396994837 a prime number?
True
Is 9570985373 a prime number?
True
Is 1448366057 prime?
True
Is 4930252711 a prime number?
True
Is 565529759 composite?
True
Is 866551327 a composite number?
True
Is 4809770221 composite?
False
Is 15503513 a prime number?
False
Is 29540081371 prime?
False
Is 14356754857 a composite number?
True
Is 27422170439 composite?
True
Is 36117603485 a composite number?
True
Is 19245002731 a prime number?
True
Is 3104449427 a prime number?
False
Is 10127496023 a prime number?
False
Is 21751110389 prime?
False
Is 99348888499 composite?
True
Is 61779683759 composite?
True
Is 20775181543 composite?
True
Is 380041297 composite?
True
Is 565163699 composite?
False
Is 106856623 a prime number?
False
Is 3458043383 a composite number?
True
Is 17237642927 a composite number?
True
Is 1194298645 a prime number?
False
Is 2356115851 composite?
False
Is 21424675183 a prime number?
False
Is 1114176113 a prime number?
False
Is 694444241 prime?
False
Is 1730057201 a prime number?
True
Is 25024281 a prime number?
False
Is 129577583 prime?
False
Is 2461647863 a composite number?
True
Is 3849638197 a prime number?
False
Is 140271972439 a composite number?
False
Is 9787260781 a prime number?
True
Is 2177489723 a composite number?
True
Is 12088433239 a prime number?
True
Is 332450611693 a prime number?
True
Is 20900706257 prime?
False
Is 1770338314 composite?
True
Is 6259392779 a prime number?
True
Is 992132081 a composite number?
False
Is 158639278321 composite?
True
Is 327549713 a composite number?
True
Is 733848091 a prime number?
True
Is 64957499 composite?
True
Is 10889198483 a prime number?
True
Is 8784719 a composite number?
False
Is 24927373 a prime number?
False
Is 5476979293 a prime number?
True
Is 2489463479 a prime number?
True
Is 28378354013 composite?
True
Is 100576224883 prime?
False
Is 470825221 a composite number?
True
Is 33611129 a prime number?
False
Is 23470155089 composite?
False
Is 7571114987 prime?
False
Is 38034737953 a composite number?
False
Is 24069659447 prime?
True
Is 4156164967 a prime number?
True
Is 98986127357 prime?
False
Is 857368009 composite?
False
Is 40971106222 a composite number?
True
Is 23594443 a composite number?
True
Is 209217461 composite?
False
Is 310921649 composite?
True
Is 1475472197 prime?
True
Is 114016559 a composite number?
False
Is 37183693151 a composite number?
True
Is 772478347 prime?
True
Is 1969927907 composite?
False
Is 21211008589 a composite number?
True
Is 309030748359 composite?
True
Is 168838097 composite?
False
Is 13867214003 composite?
False
Is 1413089683 composite?
True
Is 119381821939 prime?
False
Is 1326505801 composite?
True
Is 1997640917 composite?
False
Is 30405330071 composite?
False
Is 51091